the tens digit of v?
4
Suppose 71*q - 20*q - 21012 = 0. What is the tens digit of q?
1
Suppose -37*c + 11979 = -5115. What is the units digit of c?
2
Suppose 399 = a - 135. What is the units digit of a?
4
Let q be (12/15)/((-14)/(-35)). Suppose 0 = -q*i - s + 114, -2*i + 2*s + 0*s = -102. What is the units digit of i?
5
Let m(t) = -4*t + 12. Let f be m(5). Let a = f + 140. What is the units digit of a?
2
Suppose 0 = -m - 5*x - 3, -4*m = -4*x - 15 + 3. Suppose m*j + j = 0. Suppose -244 = -4*f + 2*y - 44, 5*y - 10 = j. What is the units digit of f?
1
Let p(z) = -17*z - 12. Let i be (-10)/4*8/5. What is the units digit of p(i)?
6
Let o(h) be the second derivative of h**5/10 + h**4 - 5*h**3/6 - 19*h**2/2 + 9*h. What is the units digit of o(-6)?
1
Suppose 2*l - 1068 = -5*y, -l - 640 = -3*y - 3*l. What is the units digit of y?
4
Let o(r) = 17*r**2 - r - 1. Let k be 80/45 + 4/18. Suppose -5*u - 3 - k = 0. What is the units digit of o(u)?
7
Let k(n) = n + 3*n**2 - 17*n**3 + 567 - 6*n**3 - 570. What is the hundreds digit of k(-2)?
1
Let c = 195 + -111. Suppose -4*w - c = -416. What is the units digit of w?
3
Suppose -69 + 545 = 14*l. What is the tens digit of l?
3
Suppose 0 = 2*z - f + 290, 2*z - 6*z - f - 592 = 0. Let q = 36 - z. What is the units digit of q?
3
Let q(a) = -a**2 + a. Let g be q(-3). Let t be 4 - 125/(-15) - 2/6. What is the units digit of ((-45)/t - -3)*g?
9
Let c be 1 - (-205)/(-2)*(-12)/(-15). Let a = -40 - c. What is the units digit of a?
1
Suppose -772 = -3*l + 467. What is the units digit of l?
3
Let j(x) = 266*x**3 - 4*x**2 - x + 4. What is the hundreds digit of j(1)?
2
Let o(h) = h. Let k be o(5). Let u be (-32 + 32)/((-4)/(-1)). Suppose u = -k*y - 1 + 6. What is the units digit of y?
1
Suppose 7788 = 4*i + 8*i. What is the hundreds digit of i?
6
Suppose m = -4*t + 240, -5*m = -2*t - 10*m + 120. Suppose -w + 3*w - t = 0. What is the tens digit of w?
3
Let i be (1 - (-68)/(-60)) + (-63010)/(-75). Suppose -4*l + 7*l - i = 0. What is the hundreds digit of l?
2
Let c(y) = -y**3 - 27*y**2 - 27*y - 28. Let l be c(-26). What is the units digit of (-591)/(l - -3)*2/(-6)?
7
Let w(j) = j**3 + 11*j**2 - 3*j + 19. Let n be w(-9). Suppose -104 = -4*z + n. What is the units digit of z?
8
Suppose 5320 = 5*i + 2*j + 393, 2*i + 2*j = 1966. What is the units digit of i?
7
Let f(k) = k**2 - 11*k + 102. What is the hundreds digit of f(25)?
4
Let i be 4/(-6)*(-3 - -15). Let k(y) = -y**3 - 6*y**2 - 2*y + 3. Let h be k(-4). Let j = i - h. What is the units digit of j?
3
Suppose 0 = 4*k + 3*i + 55, 10*i - 60 = 3*k + 6*i. What is the units digit of ((-10)/(-8) - 2) + (-876)/k?
4
Let c(g) = -g + 10. Let t be c(3). Suppose 0 = 4*u - t*m + 3*m - 264, -2*u = 5*m - 146. What is the units digit of u?
8
Suppose -76*v - 31669 = -87*v. What is the tens digit of v?
7
Let x(u) = -2*u - 10. Let g = 30 - 39. What is the units digit of x(g)?
8
Suppose -2*v + 1 + 41 = 4*d, -d + 5*v - 17 = 0. Suppose 20*g = 18*g + d. Suppose 92 = 5*u + 2*w, -3*u - 5*w = -g*u + 40. What is the tens digit of u?
2
Let v = -448 + 568. What is the tens digit of v?
2
Let t = 1 + -3. Let f(r) = 9 - 11 - 1 - 2*r. What is the units digit of f(t)?
1
Let x(o) = 2*o**3 + 39*o**2 - 13*o + 32. What is the tens digit of x(-19)?
4
Let q be (-16)/(-2)*(-12)/(-8). What is the tens digit of (-26)/(-1) + q + -16?
2
Suppose 2*q = 2 + 4. Suppose -3*o + 21 = -r + 6, -r = 3*o - q. What is the units digit of (-2)/r*0 - -3?
3
Let x(f) = 2*f**2 + 13*f + 7. Let l be x(-8). Let n = 120 - l. What is the tens digit of n?
8
Let l(j) = -j**2 - 2*j + 880. What is the units digit of l(0)?
0
Let s = 3 - 18. Let k be s/12*(-5 - -1). Let q = k - -15. What is the tens digit of q?
2
Let o be 0 + 1 + (-10)/5. Let k(r) = -21*r - 2. What is the tens digit of k(o)?
1
Let b(f) = 1852*f - 24. What is the hundreds digit of b(2)?
6
Suppose -3*f = -0*n + n - 10, f - 4*n = 12. Suppose f*z - 388 = -0*z. Suppose -z = -2*h - h + m, 4*h - 136 = 3*m. What is the units digit of h?
1
Let z = 70 - 56. Suppose 10 = z*d - 4*d. What is the units digit of d?
1
Suppose -219*m + 168*m = -135711. What is the tens digit of m?
6
Suppose -3*k - 6266 - 4869 = -4*d, -2*k = d - 2792. What is the hundreds digit of d?
7
Suppose -59*r - 8335 = -64*r. What is the tens digit of r?
6
Suppose 64 - 52 = 3*w. Suppose 4*i = -q + 183, -145 - 29 = -w*i + 2*q. What is the units digit of i?
5
Suppose 5*t - 5*f - 648 = 1652, -3*t - 3*f + 1356 = 0. What is the tens digit of t?
5
Let x be (-3)/(((-2)/(-4))/(-1)). Suppose x*d - 34 = 116. What is the units digit of d?
5
Let p(u) = -173*u**2 + 4*u - 6. Let b be p(4). Let x be ((-14)/56*-28)/(2/4). What is the units digit of b/(-49) + (-4)/x?
6
Let l(n) = -n**3 + n - 3. Let t be l(-3). Suppose -4*k - 21 = 39. Let u = t + k. What is the units digit of u?
6
Let m be 2/(-3) - 303/(-9). Let b = 140 + -138. Let a = m - b. What is the units digit of a?
1
Let p = 1376 - 706. What is the tens digit of p?
7
Let k = -17 + 20. Suppose g + k*g - 112 = 0. What is the units digit of g?
8
Let s = -695 - -689. Let h(n) be the first derivative of n**2/2 + 25*n - 1. What is the tens digit of h(s)?
1
Suppose -18*z + 9040 = 2*z. What is the tens digit of z?
5
Suppose t + 0*z + 5 = -4*z, -3*t + 5*z = -36. Let w be (-2)/t + (-860)/(-70). What is the units digit of (6 - 11)*w/(-10)?
6
Let f be (1/1)/(-5*(-6)/180). Suppose 5*s + 27 = y, y - f*y = -s - 183. What is the tens digit of y?
3
Suppose 14*o = 12*o + 8. Suppose -2*d - o*d + 384 = 0. What is the units digit of d?
4
Let u(q) = q**3 - 48*q**2 + 103*q + 16. What is the tens digit of u(46)?
2
Suppose -53*n = -50*n - 1458. What is the tens digit of n?
8
Let i(a) = -115*a**3 - a**2 - a + 1. Let g(k) = -345*k**3 - 4*k**2 - 3*k + 3. Let c(x) = 2*g(x) - 7*i(x). What is the tens digit of c(1)?
1
Suppose 4*m - 16 = -0. Suppose m*y + y - 35 = 0. What is the units digit of y?
7
Let z = -3928 - -5881. What is the units digit of z?
3
Let u(s) = 5*s**2 - 2*s + 2. Let m be u(1). Let b(r) = -2 + 1 + m*r + 4 + 2*r. What is the units digit of b(6)?
5
Let j = 104 + -47. Let p = 220 + j. What is the units digit of p?
7
Suppose 5*h - 12 = 2*h. Suppose -2*j - a + 0*a + 120 = 0, -h*a - 16 = 0. What is the tens digit of j?
6
Let z = -54 - -58. Let b(c) = 3*c**2 - 10*c + 1. What is the units digit of b(z)?
9
Let g(j) = j**2 - 21*j + 23. Let b be g(20). Suppose -b*z = 3*v - 321, 428 = 4*z - 3*v + 6*v. What is the units digit of z?
7
Let s = 28 - 71. Let v = 76 - s. What is the hundreds digit of v?
1
Let h(r) = 4 - 19*r - 6 - 18*r - 5. What is the units digit of h(-5)?
8
Let q be (25/(-20))/((-1)/28). What is the hundreds digit of 6315/q - (-9)/(-21)?
1
Suppose -31*n + 100*n - 115713 = 0. What is the units digit of n?
7
Let b = 691 + -240. What is the hundreds digit of b?
4
Suppose 5*d + 347 = 3*r + 10674, d + 3*r = 2051. What is the hundreds digit of d?
0
What is the tens digit of 219/1 + 2*2/(-1)?
1
Let o(c) = -c**2 - 4*c. Let b be o(-4). Suppose 0 = 4*k - 5*u - 17, b = -4*k + 3*u + 7 + 8. What is the tens digit of 65 + 3/(k/(-4))?
6
Let g(r) = -12*r**3 - 4*r - 7. Suppose 0 = 4*v - v + 6. What is the tens digit of g(v)?
9
Let z = 961 - 110. What is the units digit of z?
1
Let x(a) = -a + a**2 - 1 + 0*a - 3. Let v be x(3). What is the units digit of -2 - (72/v)/(-2)?
6
Let b(t) = -t**3 - 16*t**2 - 17*t - 41. Let z be b(-15). What is the hundreds digit of (-2)/z - (-1692)/11?
1
Let f(z) = 21*z - 35. Suppose 14 = q + 7. What is the hundreds digit of f(q)?
1
Let s = 122 - 52. Let q = s - 1. Suppose q + 21 = 3*y. What is the units digit of y?
0
What is the hundreds digit of (-6)/(-10) + 7626/15 + 4?
5
Let c(h) = -h**2 + 16*h. Let i be c(6). Suppose 0 = -s + i - 3. What is the tens digit of s?
5
Suppose -21*i - 5 = -26*i. Let v be 38/(i + 1/(-2)). Suppose -b = 3*b - v. What is the units digit of b?
9
Suppose 5*g = b + 68, 0*g = 4*b - 2*g + 308. Let j = b - -372. What is the units digit of j?
4
Suppose -4*z = -c + 4120, 176*c - 172*c = -4*z + 16500. What is the units digit of c?
4
Suppose 9*l = 8*l + 37. Let j = -18 + l. What is the units digit of j?
9
Let k = 26 - 22. Let y(o) = 13*o**2 + 9*o - 24. What is the tens digit of y(k)?
2
Let m(j) = 29*j**2 - 2*j + 1. Let y be m(1). What is the tens digit of (-1062)/(-14) + 4/